119 + -107. What is the greatest common factor of 92 and u?
4
Let q = 36 + -6. Suppose 5*c + 10 + q = 0. Let n be (-6)/c*(57 + -9). What is the highest common factor of 90 and n?
18
Let v be (-4)/22 + (-48256)/(-1144). Calculate the greatest common factor of 108 and v.
6
Suppose 4*c - 24 = 2*c. Let d(g) = 2*g**3 - 16*g**2 - 45*g + 396. Let t be d(8). What is the highest common factor of t and c?
12
Let s be (-2)/8 + 185/20. Suppose -3*c = -15 - s. Let l = 149 - 137. Calculate the highest common factor of c and l.
4
Suppose 5*i + 7*i = -2448. Let x be 1/(1/(i/200) - -1). What is the highest common divisor of x and 17?
17
Let i(k) = -k**3 + 6*k**2 + 7*k - 4. Let d be i(7). Let w be 6/d - 29/(-2). Calculate the greatest common divisor of 91 and w.
13
Let u be 19/(171/1530) - 8. Suppose -3*x + 33 = -21. What is the greatest common divisor of x and u?
18
Suppose 142 = 9*r + 34. Let l = 339 + -135. What is the greatest common factor of l and r?
12
Let q = 52 + -24. Suppose -l + q = 4*b, b + 12 = -0*b - 5*l. Suppose -b*h = -6*h - 4. Calculate the highest common factor of 5 and h.
1
Suppose 2*s = -2*z + 78, 2*s - 164 = 8*z - 12*z. What is the highest common divisor of 387 and z?
43
Let a be 12/(-18) - (-2)/3. Suppose a = -3*l + 3*v + 6, 0*v = l + v - 4. Suppose -m - l*m = -220. What is the greatest common factor of 22 and m?
11
Let h(j) = 5*j**2. Let s be h(-2). Suppose 0 = 4*q + 2*x - 390, 52 = 5*q - x - 453. What is the highest common factor of q and s?
20
Let b be (2*3)/(2/(-19)). Let t be 3/(-9) + b/(-9). Let l be -16*(t/(-4) + -3). What is the highest common factor of 8 and l?
8
Suppose 130*c - 10 = 125*c. Calculate the highest common factor of 12 and c.
2
Suppose -17*j + 516 - 6 = 0. What is the greatest common divisor of 40 and j?
10
Let q = 8 - 3. Suppose -q*y + 1125 = 4*z + z, 4*y - 228 = -z. Let u be (-182405)/(-5730) - 1/(-6). What is the greatest common divisor of z and u?
32
Let l be 1*(-19)/((-95)/1050). Calculate the highest common factor of l and 84.
42
Suppose 2*v + 7*g - 5*g - 72 = 0, 4*v - g - 119 = 0. What is the highest common divisor of 93 and v?
31
Let p(v) = v**3 + 40*v**2 + 70*v + 33. Let g be p(-38). What is the highest common divisor of g and 9?
9
Let x = -291 + 498. Suppose 5*g - 2*z = -35, -2*g - 65 = 3*g + 4*z. Let j = g + 32. What is the greatest common factor of j and x?
23
Let p be 0 + -13 - (-176 - -34). What is the highest common factor of 6 and p?
3
Suppose 2*r - 111 = -5*y, 2*r + 5 = 3*y + 124. Suppose 2*b = -5*o + 26, -3*b - 8 = 2*o - r. What is the highest common factor of b and 63?
9
Suppose -3 = -4*c - 11. Let b be ((-3)/c)/(4/24). Let n be (-1 - (-11)/10) + 2832/480. Calculate the highest common divisor of b and n.
3
Suppose 5*n + 10 = 60. Let i be 528/(-15) + (-8)/n. Let b = 42 + i. Calculate the greatest common factor of 3 and b.
3
Suppose 9*i + 5 - 797 = 0. What is the highest common divisor of i and 11?
11
Let k be (-25206)/(-45) - -6*2/(-90). Suppose -k = -10*v + 5*v. What is the greatest common divisor of v and 16?
16
Let i = 203 + 244. Let a be i/(-9) + (-4)/12. Let s be ((-14)/(-10) + -3)*a. Calculate the highest common factor of 16 and s.
16
Let h be (-2)/(-6) + (-76)/(-6). Let d be 832/h*2/4. Let y(x) = 2*x**2 - 8*x + 6. Let v be y(7). What is the highest common divisor of d and v?
16
Suppose -25 = -22*i + 503. Calculate the greatest common factor of i and 228.
12
Suppose 14 = 3*w + 2*a, 4*w - 3*w + 3*a - 7 = 0. Let s be (4/2)/(4/6). Suppose s*p = w*p - 99. Calculate the greatest common divisor of 11 and p.
11
Suppose -2*l = 3*k - 780, -73 = 5*l + 4*k - 2037. Suppose -4*u + u = -l. Suppose 0 = -3*g + 22 + 14. Calculate the greatest common factor of g and u.
12
Let h(y) = -y**3 + 10*y**2 - 14*y - 9. Let m be h(8). Suppose -56 = 10*k - 14*k. Calculate the greatest common divisor of m and k.
7
Suppose -2*v + 66 = 2*a + 2, -3*v + a + 104 = 0. Calculate the greatest common divisor of v and 527.
17
Let y(h) be the first derivative of 2*h**2 + 5*h + 3. Let g be y(-5). Let l be (-3)/1*770/g. Calculate the highest common factor of l and 14.
14
Let m(a) = -2*a**3 + 26*a**2 + 3. Let p be m(13). Suppose 0 = p*s + 2*s - 15, 5*s = 3*l - 405. What is the greatest common divisor of 20 and l?
20
Let b(f) = -27*f - 307. Let j be b(-18). Suppose 10 = 5*g + 85. Let d be 12/g + j/5. Calculate the greatest common divisor of 7 and d.
7
Let d(f) = f**2 + 7*f - 6. Let b be d(-11). Let z(q) = -q**3 + 9*q**2 + q. Let r be z(9). Let k be (r/6)/(3/38). What is the greatest common factor of k and b?
19
Let f be -64*7/(-4)*(-57)/(-133). What is the greatest common divisor of 3 and f?
3
Let a = 48 - 31. Suppose -2*s + 2709 = 839. Suppose 0*q + 5*q - s = 0. What is the greatest common factor of q and a?
17
Let c(q) = q - 4. Let z be c(4). Suppose z = 2*d - 15 - 65. Let y be -3 - (-9 - (0 + -1)). What is the greatest common divisor of d and y?
5
Let i be 70/(-4) + (-1)/2. Let j be (-976)/i - (75/(-27) - -3). Let k be ((-8)/(-6))/((-4)/(-18)). What is the highest common factor of j and k?
6
Let p = 1173 + -1151. What is the highest common factor of p and 1166?
22
Let l = 3 + 8. Let w be (-1)/(-12)*3 + (-2628)/(-48). What is the greatest common factor of w and l?
11
Let g(n) = n**3 + 9*n**2 + 5*n - 6. Let u be g(-8). Let w = 49 - u. Suppose -7*f - 5381 = -5598. Calculate the highest common factor of f and w.
31
Let y be (-10)/(-1 + 3)*30/25. Let z be 1518/9*y/(-4 + 2). Calculate the highest common factor of z and 46.
46
Let p(g) = g**3 + 9*g**2 + 4*g + 59. Let b be p(-9). Calculate the greatest common divisor of 207 and b.
23
Let t = -30 + 49. Suppose -2*y + t = 2*p - 23, -y + 21 = -3*p. Calculate the highest common divisor of 168 and y.
21
Let i be (36/5)/(564/4230). Let l = 119 + 16. Calculate the highest common factor of l and i.
27
Let t be (3/(6/68))/1. Let i be (-8 - -9) + -5 + 178/2. Calculate the greatest common factor of i and t.
17
Let n be 5 + -1 - (-9)/(72/112). Let p be -3*1/(-3) - 52/(-2). Calculate the highest common divisor of n and p.
9
Let p(g) = g**3 - 12*g**2 + 15*g - 80. Let n be p(13). Calculate the highest common factor of 213 and n.
71
Let y be (-12)/42 + (2 - (-48)/21). Suppose 4*t + y = 6*t. What is the highest common factor of t and 16?
2
Suppose -x + 243 + 202 = 2*z, -902 = -4*z + 2*x. Calculate the highest common divisor of z and 96.
32
Suppose 6*d - d = -55. Let p = -8 - d. Suppose 19*w = 9*w + 150. Calculate the greatest common factor of p and w.
3
Let g = 87 + -87. Suppose g*d = d - 168. What is the highest common divisor of d and 8?
8
Let d(w) = w**3 + 11*w**2 - 12*w + 1. Let c(b) = 8*b + 12. Let m be c(-3). Let g be d(m). What is the highest common divisor of 10 and g?
1
Let j(c) = -c**2 - 20*c - 34. Let o be j(-16). Suppose -5*h + 4*h = 2*t - 213, -4*h = t - 117. What is the highest common factor of o and t?
15
Let l(d) = -4*d**3 - d - 2. Let g = 1 - 3. Let a be l(g). Suppose 2*s - 152 = 2*y, 0 = -4*y + 9 + 7. Calculate the greatest common factor of s and a.
16
Suppose 184 = 203*h - 195*h. Let r(u) = 7*u**2 + 5*u + 7. Let c be r(5). What is the greatest common factor of c and h?
23
Let v = -6 + 8. Suppose 2*c = 2 + v. Let z be c*(-4)/(-2)*1. What is the highest common factor of z and 16?
4
Let r = -359 - -697. Calculate the greatest common divisor of r and 26.
26
Let f be (-110)/(-6) - (-10)/15. Suppose -3*t = 2*x + f - 51, -2*x = -2*t + 18. Let h be (-1824)/(-15) - 6/t. Calculate the highest common divisor of h and 11.
11
Let z(a) = 5*a**2 - 5*a + 6. Let y be z(4). Suppose 0 = 134758*g - 134752*g - 198. What is the highest common factor of g and y?
33
Let z = -1004 + 1247. Calculate the greatest common factor of 567 and z.
81
Let d(i) = 6*i**2 - 9. Let b be d(-3). Suppose 38*o + 189 = b*o. Calculate the highest common divisor of o and 243.
27
Let t = 159 - 130. What is the highest common factor of t and 145?
29
Let b(i) = i**2 + 7*i + 7. Let m be b(-7). Suppose m*c = 24 + 53. What is the highest common divisor of c and 99?
11
Let h be -3*4/18*15. Let u be (-1)/((-18)/h + -2). Suppose 4*d + u*r = 7*d - 52, -d - r = -12. What is the greatest common divisor of d and 21?
7
Let w be (-2)/(6/(-1))*(-168)/(-4). Suppose 3*s + 2*s + d = 4, -4 = 4*d. Let o be s/(-1 + 2) + 1. Calculate the highest common f